{"id":168,"date":"2014-04-19T18:59:08","date_gmt":"2014-04-19T18:59:08","guid":{"rendered":"http:\/\/kunst.wiethase.de\/?page_id=168"},"modified":"2015-07-04T16:59:01","modified_gmt":"2015-07-04T16:59:01","slug":"home","status":"publish","type":"page","link":"https:\/\/kunst.wiethase.de\/","title":{"rendered":"Hendrik Wiethase"},"content":{"rendered":"<p><a href=\"https:\/\/kunst.wiethase.de\/wp-content\/uploads\/2014\/04\/IMG_74231.jpg\"><img loading=\"lazy\" decoding=\"async\" src=\"https:\/\/kunst.wiethase.de\/wp-content\/uploads\/2014\/04\/IMG_74231-150x150.jpg\" alt=\"IMG_74231\" width=\"150\" height=\"150\" \/><\/a><\/p>\n<p>Diese Seite ist neu und wird sich langsam f\u00fcllen&#8230; mit einer Auswahl meiner Werke seit Anfang der 1970er Jahre bis heute.<\/p>\n<p>Die wenigsten Ausstellungen habe ich dokumentiert und vieles ist verloren gegangen. Dennoch werden Sie bei Ihrem Rundgang einen Eindruck von meinem Schaffen bekommen.<\/p>\n<p>Sie finden mich in 06193 Wettin-L\u00f6bej\u00fcn, Johannisstra\u00dfe 11, Tel.: 034607-342264 Mail: wiethase@t-online.de <strong>Ich freue mich auf Ihren Besuch!<\/strong><\/p>\n<p>Ich bin Mitglied in Vorstand des\u00a0Berufsverbandes Bildender K\u00fcnstler &#8211; Sachsen-Anhalt<\/p>\n","protected":false},"excerpt":{"rendered":"<p>Diese Seite ist neu und wird sich langsam f\u00fcllen&#8230; mit einer Auswahl meiner Werke seit Anfang der 1970er Jahre bis heute. Die wenigsten Ausstellungen habe ich dokumentiert und vieles ist verloren gegangen. Dennoch werden Sie bei Ihrem Rundgang einen Eindruck von meinem Schaffen bekommen. Sie finden mich in 06193 Wettin-L\u00f6bej\u00fcn, Johannisstra\u00dfe 11, Tel.: 034607-342264 Mail: [&hellip;]<\/p>\n","protected":false},"author":1,"featured_media":0,"parent":0,"menu_order":0,"comment_status":"closed","ping_status":"closed","template":"page-templates\/full-width.php","meta":{"footnotes":""},"class_list":["post-168","page","type-page","status-publish","hentry"],"_links":{"self":[{"href":"https:\/\/kunst.wiethase.de\/index.php?rest_route=\/wp\/v2\/pages\/168","targetHints":{"allow":["GET"]}}],"collection":[{"href":"https:\/\/kunst.wiethase.de\/index.php?rest_route=\/wp\/v2\/pages"}],"about":[{"href":"https:\/\/kunst.wiethase.de\/index.php?rest_route=\/wp\/v2\/types\/page"}],"author":[{"embeddable":true,"href":"https:\/\/kunst.wiethase.de\/index.php?rest_route=\/wp\/v2\/users\/1"}],"replies":[{"embeddable":true,"href":"https:\/\/kunst.wiethase.de\/index.php?rest_route=%2Fwp%2Fv2%2Fcomments&post=168"}],"version-history":[{"count":6,"href":"https:\/\/kunst.wiethase.de\/index.php?rest_route=\/wp\/v2\/pages\/168\/revisions"}],"predecessor-version":[{"id":246,"href":"https:\/\/kunst.wiethase.de\/index.php?rest_route=\/wp\/v2\/pages\/168\/revisions\/246"}],"wp:attachment":[{"href":"https:\/\/kunst.wiethase.de\/index.php?rest_route=%2Fwp%2Fv2%2Fmedia&parent=168"}],"curies":[{"name":"wp","href":"https:\/\/api.w.org\/{rel}","templated":true}]}}